{"id":10477,"date":"2025-01-14T12:21:53","date_gmt":"2025-01-14T11:21:53","guid":{"rendered":"http:\/\/proves7.kiwop.es\/events\/celebracio-del-dia-internacional-per-a-lerradicacio-de-la-pobresa\/"},"modified":"2025-10-17T13:39:26","modified_gmt":"2025-10-17T11:39:26","slug":"celebracio-del-dia-internacional-per-a-lerradicacio-de-la-pobresa","status":"publish","type":"mec-events","link":"https:\/\/dincat.cat\/es\/events\/celebracio-del-dia-internacional-per-a-lerradicacio-de-la-pobresa\/","title":{"rendered":"Celebraci\u00f3n del D\u00eda Internacional para la Erradicaci\u00f3n de la Pobreza"},"content":{"rendered":"","protected":false},"excerpt":{"rendered":"","protected":false},"author":1,"featured_media":0,"comment_status":"closed","ping_status":"closed","template":"","tags":[],"mec_category":[807],"class_list":["post-10477","mec-events","type-mec-events","status-publish","hentry","mec_category-fiesta-internacional"],"acf":[],"_links":{"self":[{"href":"https:\/\/dincat.cat\/es\/wp-json\/wp\/v2\/mec-events\/10477","targetHints":{"allow":["GET"]}}],"collection":[{"href":"https:\/\/dincat.cat\/es\/wp-json\/wp\/v2\/mec-events"}],"about":[{"href":"https:\/\/dincat.cat\/es\/wp-json\/wp\/v2\/types\/mec-events"}],"author":[{"embeddable":true,"href":"https:\/\/dincat.cat\/es\/wp-json\/wp\/v2\/users\/1"}],"replies":[{"embeddable":true,"href":"https:\/\/dincat.cat\/es\/wp-json\/wp\/v2\/comments?post=10477"}],"wp:attachment":[{"href":"https:\/\/dincat.cat\/es\/wp-json\/wp\/v2\/media?parent=10477"}],"wp:term":[{"taxonomy":"post_tag","embeddable":true,"href":"https:\/\/dincat.cat\/es\/wp-json\/wp\/v2\/tags?post=10477"},{"taxonomy":"mec_category","embeddable":true,"href":"https:\/\/dincat.cat\/es\/wp-json\/wp\/v2\/mec_category?post=10477"}],"curies":[{"name":"wp","href":"https:\/\/api.w.org\/{rel}","templated":true}]}}

Celebración del Día Internacional para la Erradicación de la Pobreza
